{"id":90,"date":"2024-07-19T16:19:09","date_gmt":"2024-07-19T20:19:09","guid":{"rendered":"https:\/\/aieinformatique.net\/?page_id=90"},"modified":"2024-07-19T16:35:14","modified_gmt":"2024-07-19T20:35:14","slug":"elementor-90","status":"publish","type":"page","link":"https:\/\/aieinformatique.net\/?page_id=90","title":{"rendered":"\u00c0 propos"},"content":{"rendered":"\t\t<div data-elementor-type=\"wp-page\" data-elementor-id=\"90\" class=\"elementor elementor-90\">\n\t\t\t\t<div class=\"elementor-element elementor-element-d8ad0f1 e-flex e-con-boxed e-con e-parent\" data-id=\"d8ad0f1\" data-element_type=\"container\" data-e-type=\"container\">\n\t\t\t\t\t<div class=\"e-con-inner\">\n\t\t\t\t<div class=\"elementor-element elementor-element-888f6f2 elementor-widget elementor-widget-text-editor\" data-id=\"888f6f2\" data-element_type=\"widget\" data-e-type=\"widget\" data-widget_type=\"text-editor.default\">\n\t\t\t\t<div class=\"elementor-widget-container\">\n\t\t\t\t\t\t\t\t\t<p style=\"text-align: center;\"><span style=\"color: #cf2727;\"><strong>AIE Informatique<\/strong><\/span> est une entreprise \u00e9tablie depuis 2004, reconnue comme le leader en solutions informatiques \u00e0 Louiseville. Depuis nos d\u00e9buts, nous avons consacr\u00e9 nos efforts \u00e0 offrir des services technologiques de premier ordre pour r\u00e9pondre aux besoins vari\u00e9s de nos clients, qu&rsquo;ils soient particuliers ou entreprises.<\/p><p style=\"text-align: center;\">Nous sommes sp\u00e9cialis\u00e9s dans une gamme \u00e9tendue de services informatiques, allant de la gestion de r\u00e9seaux \u00e0 la maintenance pr\u00e9ventive et corrective, en passant par l\u2019int\u00e9gration de syst\u00e8mes et le support technique. Notre \u00e9quipe d&rsquo;experts passionn\u00e9s et qualifi\u00e9s est d\u00e9di\u00e9e \u00e0 fournir des solutions sur mesure qui optimisent l&rsquo;efficacit\u00e9 et la performance de vos infrastructures technologiques.<\/p><p style=\"text-align: center;\">Chez <span style=\"color: #cf2727;\"><strong>AIE Informatique<\/strong><\/span>, nous comprenons que chaque client a des besoins uniques. C\u2019est pourquoi nous nous engageons \u00e0 offrir un service personnalis\u00e9, en \u00e9coutant attentivement vos exigences pour concevoir des solutions adapt\u00e9es \u00e0 votre situation sp\u00e9cifique. Nous croyons en la puissance de la technologie pour transformer les d\u00e9fis en opportunit\u00e9s et nous nous effor\u00e7ons de rendre cette transformation aussi fluide et b\u00e9n\u00e9fique que possible.<\/p><p style=\"text-align: center;\">En tant que leader local, nous nous engageons \u00e0 rester \u00e0 la pointe de l&rsquo;innovation technologique. Notre mission est de vous accompagner avec professionnalisme et une approche humaine, afin de garantir une exp\u00e9rience technologique sans faille et de vous permettre de vous concentrer sur ce qui compte vraiment pour vous.<\/p><p style=\"text-align: center;\">Nous sommes \u00e9galement fiers d\u2019offrir des services vari\u00e9s tels que la t\u00e9l\u00e9phonie mobile en partenariat avec Rogers, Fido et Chatr, ainsi que des solutions de backup en ligne pour prot\u00e9ger vos donn\u00e9es cruciales. Que vous cherchiez \u00e0 am\u00e9liorer la connectivit\u00e9 de votre maison ou \u00e0 optimiser les syst\u00e8mes informatiques de votre entreprise, <span style=\"color: #cf2727;\"><strong>AIE Informatique<\/strong><\/span> est l\u00e0 pour vous fournir des solutions fiables et efficaces.<\/p><p style=\"text-align: center;\">Faites confiance \u00e0 <span style=\"color: #cf2727;\"><strong>AIE Informatique<\/strong><\/span> pour \u00eatre votre partenaire technologique de choix \u00e0 Louiseville. Contactez-nous d\u00e8s aujourd&rsquo;hui pour d\u00e9couvrir comment nous pouvons vous aider \u00e0 atteindre vos objectifs technologiques avec succ\u00e8s.<\/p>\t\t\t\t\t\t\t\t<\/div>\n\t\t\t\t<\/div>\n\t\t\t\t\t<\/div>\n\t\t\t\t<\/div>\n\t\t\t\t<\/div>\n\t\t","protected":false},"excerpt":{"rendered":"<p>AIE Informatique est une entreprise \u00e9tablie depuis 2004, reconnue comme le leader en solutions informatiques \u00e0 Louiseville. Depuis nos d\u00e9buts, nous avons consacr\u00e9 nos efforts \u00e0 offrir des services technologiques de premier ordre pour r\u00e9pondre aux besoins vari\u00e9s de nos clients, qu&rsquo;ils soient particuliers ou entreprises. Nous sommes sp\u00e9cialis\u00e9s dans une gamme \u00e9tendue de services [&hellip;]<\/p>\n","protected":false},"author":1,"featured_media":0,"parent":0,"menu_order":0,"comment_status":"closed","ping_status":"closed","template":"","meta":{"footnotes":""},"class_list":["post-90","page","type-page","status-publish","hentry"],"_links":{"self":[{"href":"https:\/\/aieinformatique.com\/index.php?rest_route=\/wp\/v2\/pages\/90","targetHints":{"allow":["GET"]}}],"collection":[{"href":"https:\/\/aieinformatique.com\/index.php?rest_route=\/wp\/v2\/pages"}],"about":[{"href":"https:\/\/aieinformatique.com\/index.php?rest_route=\/wp\/v2\/types\/page"}],"author":[{"embeddable":true,"href":"https:\/\/aieinformatique.com\/index.php?rest_route=\/wp\/v2\/users\/1"}],"replies":[{"embeddable":true,"href":"https:\/\/aieinformatique.com\/index.php?rest_route=%2Fwp%2Fv2%2Fcomments&post=90"}],"version-history":[{"count":8,"href":"https:\/\/aieinformatique.com\/index.php?rest_route=\/wp\/v2\/pages\/90\/revisions"}],"predecessor-version":[{"id":101,"href":"https:\/\/aieinformatique.com\/index.php?rest_route=\/wp\/v2\/pages\/90\/revisions\/101"}],"wp:attachment":[{"href":"https:\/\/aieinformatique.com\/index.php?rest_route=%2Fwp%2Fv2%2Fmedia&parent=90"}],"curies":[{"name":"wp","href":"https:\/\/api.w.org\/{rel}","templated":true}]}}